{"id":6,"date":"2015-07-07T14:45:27","date_gmt":"2015-07-07T14:45:27","guid":{"rendered":"http:\/\/cabinethypnosetherapie.com\/?page_id=6"},"modified":"2025-06-12T15:11:27","modified_gmt":"2025-06-12T15:11:27","slug":"accueil","status":"publish","type":"page","link":"https:\/\/cabinethypnosetherapie.com\/","title":{"rendered":"Transformez votre vie gr\u00e2ce \u00e0 l&rsquo;hypnose et la PNL depuis chez vous &#8230;"},"content":{"rendered":"<div class=\"card-layout-item\" data-pm-slice=\"2 2 [&quot;document&quot;,{&quot;aiOptions&quot;:{&quot;preserveLayouts&quot;:false,&quot;imageOptions&quot;:{&quot;license&quot;:&quot;All&quot;,&quot;provider&quot;:&quot;aiGenerated&quot;,&quot;generateStyle&quot;:&quot;Classic and elegant with a minimalist and professional style, using light and warm earthy tones like beige, cream, and gold for a luxurious feel.&quot;,&quot;model&quot;:&quot;flux-1-quick&quot;,&quot;stylePreset&quot;:&quot;Theme&quot;}},&quot;docId&quot;:&quot;oenfu31vscl9bpq&quot;,&quot;background&quot;:{&quot;type&quot;:&quot;none&quot;},&quot;docFlags&quot;:{&quot;cardLayoutsEnabled&quot;:true},&quot;format&quot;:&quot;deck&quot;,&quot;customCode&quot;:{},&quot;settings&quot;:{&quot;defaultFullBleed&quot;:&quot;contained&quot;,&quot;stylesDerivedFrom&quot;:&quot;deck_default&quot;,&quot;cardDimensions&quot;:&quot;fluid&quot;,&quot;verticalAlign&quot;:&quot;center&quot;,&quot;defaultContentWidth&quot;:&quot;lg&quot;,&quot;fontSize&quot;:&quot;md&quot;,&quot;scaleContentToFit&quot;:false,&quot;animationsEnabled&quot;:true},&quot;generateStatus&quot;:&quot;done&quot;,&quot;generateInfo&quot;:{&quot;interactionId&quot;:&quot;qrhz7nazp9ijd6d&quot;,&quot;streamId&quot;:&quot;oenfu31vscl9bpq&quot;,&quot;lastEventId&quot;:&quot;8&quot;,&quot;lastCompletedCardId&quot;:&quot;1rhmxaclw07gsbk&quot;,&quot;lastCompletedCardIndex&quot;:7}},&quot;card&quot;,{&quot;id&quot;:&quot;fzf6000tpfbt4vn&quot;,&quot;previewContent&quot;:null,&quot;background&quot;:{&quot;type&quot;:&quot;none&quot;},&quot;container&quot;:{},&quot;cardSize&quot;:&quot;default&quot;,&quot;layout&quot;:&quot;right&quot;,&quot;layoutTemplateColumns&quot;:null,&quot;layoutTemplateRows&quot;:null,&quot;verticalAlign&quot;:null,&quot;generatorInput&quot;:null,&quot;fontScale&quot;:null,&quot;cardMarginSettings&quot;:{},&quot;hidden&quot;:false}]\">\n<p class=\"paragraph\">Face au stress, au manque de confiance et aux addictions qui nous affectent, nous avons cr\u00e9\u00e9 une<strong> solution r\u00e9volutionnaire.<\/strong><\/p>\n<p class=\"paragraph\">Un protocole d&rsquo;<strong>hypnose<\/strong> et de <strong>PNL<\/strong> (Programmation Neuro Linguistique) personnalis\u00e9, <strong><em>accessible depuis chez vous<\/em><\/strong>, pour transformer vos d\u00e9fis en opportunit\u00e9s.<\/p>\n<p class=\"paragraph\">Cette <u>m\u00e9thode int\u00e9gr\u00e9e<\/u> vous permet de surmonter vos blocages, g\u00e9rer vos \u00e9motions et lib\u00e9rer votre plein potentiel.<\/p>\n<\/div>\n<p><img loading=\"lazy\" decoding=\"async\" class=\" wp-image-547 aligncenter\" src=\"http:\/\/cabinethypnosetherapie.com\/wp-content\/uploads\/2015\/07\/cropped-Capture-d\u2019\u00e9cran-2025-05-23-\u00e0-13.41.06-220x300.png\" alt=\"cropped-Capture-d\u2019\u00e9cran-2025-05-23-\u00e0-13.41.06.png\" width=\"312\" height=\"426\" srcset=\"https:\/\/cabinethypnosetherapie.com\/wp-content\/uploads\/2015\/07\/cropped-Capture-d\u2019\u00e9cran-2025-05-23-\u00e0-13.41.06-220x300.png 220w, https:\/\/cabinethypnosetherapie.com\/wp-content\/uploads\/2015\/07\/cropped-Capture-d\u2019\u00e9cran-2025-05-23-\u00e0-13.41.06-751x1024.png 751w, https:\/\/cabinethypnosetherapie.com\/wp-content\/uploads\/2015\/07\/cropped-Capture-d\u2019\u00e9cran-2025-05-23-\u00e0-13.41.06.png 954w\" sizes=\"auto, (max-width: 312px) 100vw, 312px\" \/><\/p>\n<h2><span style=\"color: #008080;\"><strong>NOTRE PROTOCOLE UNIQUE<\/strong><\/span><\/h2>\n<div id=\"JCHp1\" class=\"layout-item\" data-id=\"JCHp1\" data-options=\"{}\">\n<h4>\u00a0 \u00a0 \u00a0<span style=\"color: #ff6600;\">1\u00b0. Questionnaire personnalis\u00e9<\/span><\/h4>\n<p class=\"paragraph\">Nous analysons vos besoins sp\u00e9cifiques pour adapter pr\u00e9cis\u00e9ment votre programme.<\/p>\n<div id=\"bAR_s\" class=\"layout-item\" data-id=\"bAR_s\" data-options=\"{}\">\n<h4>\u00a0 \u00a0 \u00a0<span style=\"color: #ff6600;\">2\u00b0. Enregistrements audio personnalis\u00e9s<\/span><\/h4>\n<p class=\"paragraph\">Nous \u00e9laborons des enregistrements audio personnels correspondant parfaitement \u00e0 votre probl\u00e9matique.<\/p>\n<div id=\"xRD-R\" class=\"layout-item\" data-id=\"xRD-R\" data-options=\"{}\">\n<h4><span style=\"color: #ff6600;\">\u00a0 \u00a0 \u00a03\u00b0. Programme de 4 s\u00e9ances<\/span><\/h4>\n<p class=\"paragraph\">Des enregistrements audio immersifs m\u00ealant hypnose et PNL pour transformer vos blocages.<\/p>\n<h2 class=\"paragraph\"><span style=\"color: #008080;\">DES AVANTAGES INCOMPARABLES<\/span><\/h2>\n<div id=\"cPVp7\" class=\"layout-item\" data-id=\"cPVp7\" data-options=\"{}\">\n<h4><span style=\"color: #ff0000;\"><b>Confort maximal<\/b><\/span><\/h4>\n<p class=\"paragraph\">Suivez les s\u00e9ances depuis <b>chez<\/b><b>vous<\/b>, \u00e0 <b>votre rythme<\/b>, sans contraintes de d\u00e9placement.<\/p>\n<div id=\"MzOAi\" class=\"layout-item\" data-id=\"MzOAi\" data-options=\"{}\">\n<h4><span style=\"color: #ff0000;\"><b>\u00c9conomie substantielle<\/b><\/span><\/h4>\n<p class=\"paragraph\">Profitez de <b>4 s\u00e9ances<\/b> compl\u00e8tes pour le <b>prix d&rsquo;une s\u00e9ance <\/b>traditionnelle en cabinet.<\/p>\n<div id=\"THKNo\" class=\"layout-item\" data-id=\"THKNo\" data-options=\"{}\">\n<h4><span style=\"color: #ff0000;\"><b>Transformation profonde<\/b><\/span><\/h4>\n<p class=\"paragraph\">Osez le <b>changement rapide <\/b>et<b> <\/b>g\u00e9rez au mieux vos \u00e9motions et probl\u00e9matiques au quotidien.<\/p>\n<div class=\"table-row-wrapper\" data-node-view-wrapper=\"\">\n<div class=\"table-row-content\" data-node-view-content=\"\">\n<div data-node-view-content-inner=\"tableRow\">\n<div class=\"react-renderer node-paragraph block block-paragraph first-block last-block\" data-pos=\"1782\">\n<div data-node-view-wrapper=\"\">\n<div dir=\"auto\" data-node-view-content=\"\">\n<h2 data-node-view-content-inner=\"paragraph\"><span style=\"color: #008080;\"><strong><u>Notre protocole en ligne<\/u><\/strong><\/span><\/h2>\n<\/div>\n<\/div>\n<\/div>\n<\/div>\n<\/div>\n<\/div>\n<div class=\"table-row-wrapper\" data-node-view-wrapper=\"\">\n<div class=\"css-azx95j\" contenteditable=\"false\"><\/div>\n<div class=\"table-row-content\" data-node-view-content=\"\">\n<div data-node-view-content-inner=\"tableRow\">\n<div class=\"react-renderer node-paragraph block block-paragraph first-block last-block\" data-pos=\"1812\">\n<div data-node-view-wrapper=\"\">\n<div dir=\"auto\" data-node-view-content=\"\">\n<div data-node-view-content-inner=\"paragraph\"><strong><u>Co\u00fbt<\/u><\/strong><\/div>\n<\/div>\n<\/div>\n<\/div>\n<div class=\"react-renderer node-paragraph block block-paragraph first-block last-block\" data-pos=\"1842\">\n<div data-node-view-wrapper=\"\">\n<div dir=\"auto\" data-node-view-content=\"\">\n<div data-node-view-content-inner=\"paragraph\"><mark class=\"highlight\">Pack complet au prix d&rsquo;une s\u00e9ance<\/mark><\/div>\n<\/div>\n<\/div>\n<\/div>\n<\/div>\n<\/div>\n<\/div>\n<div class=\"table-row-wrapper\" data-node-view-wrapper=\"\">\n<div class=\"css-azx95j\" contenteditable=\"false\"><\/div>\n<div class=\"table-row-content\" data-node-view-content=\"\">\n<div data-node-view-content-inner=\"tableRow\">\n<div class=\"react-renderer node-paragraph block block-paragraph first-block last-block\" data-pos=\"1881\">\n<div data-node-view-wrapper=\"\">\n<div dir=\"auto\" data-node-view-content=\"\">\n<div data-node-view-content-inner=\"paragraph\"><strong><u>Flexibilit\u00e9<\/u><\/strong><\/div>\n<\/div>\n<\/div>\n<\/div>\n<div class=\"react-renderer node-paragraph block block-paragraph first-block last-block\" data-pos=\"1925\">\n<div data-node-view-wrapper=\"\">\n<div dir=\"auto\" data-node-view-content=\"\">\n<div data-node-view-content-inner=\"paragraph\"><mark class=\"highlight\">\u00c9coute \u00e0 domicile, \u00e0 votre rythme<\/mark><\/div>\n<\/div>\n<\/div>\n<\/div>\n<\/div>\n<\/div>\n<\/div>\n<div class=\"table-row-wrapper\" data-node-view-wrapper=\"\">\n<div class=\"css-azx95j\" contenteditable=\"false\"><\/div>\n<div class=\"table-row-content\" data-node-view-content=\"\">\n<div data-node-view-content-inner=\"tableRow\">\n<div class=\"react-renderer node-paragraph block block-paragraph first-block last-block\" data-pos=\"1964\">\n<div data-node-view-wrapper=\"\">\n<div dir=\"auto\" data-node-view-content=\"\">\n<div data-node-view-content-inner=\"paragraph\"><strong><u>Personnalisation<\/u><\/strong><\/div>\n<\/div>\n<\/div>\n<\/div>\n<div class=\"react-renderer node-paragraph block block-paragraph first-block last-block\" data-pos=\"2000\">\n<div data-node-view-wrapper=\"\">\n<div dir=\"auto\" data-node-view-content=\"\">\n<div data-node-view-content-inner=\"paragraph\"><mark class=\"highlight\">Adapt\u00e9 \u00e0 vos besoins personnels<\/mark><\/div>\n<\/div>\n<\/div>\n<\/div>\n<\/div>\n<\/div>\n<\/div>\n<div class=\"table-row-wrapper\" data-node-view-wrapper=\"\">\n<div class=\"css-azx95j\" contenteditable=\"false\"><\/div>\n<div class=\"table-row-content\" data-node-view-content=\"\">\n<div data-node-view-content-inner=\"tableRow\">\n<div class=\"react-renderer node-paragraph block block-paragraph first-block last-block\" data-pos=\"2037\">\n<div data-node-view-wrapper=\"\">\n<div dir=\"auto\" data-node-view-content=\"\">\n<div data-node-view-content-inner=\"paragraph\"><strong><u>R\u00e9sultats<\/u><\/strong><\/div>\n<\/div>\n<\/div>\n<\/div>\n<div class=\"react-renderer node-paragraph block block-paragraph first-block last-block\" data-pos=\"2080\">\n<div data-node-view-wrapper=\"\">\n<div dir=\"auto\" data-node-view-content=\"\">\n<div data-node-view-content-inner=\"paragraph\"><mark class=\"highlight\">Programme structur\u00e9 et progressif<\/mark><\/div>\n<\/div>\n<\/div>\n<\/div>\n<h1 data-node-view-content-inner=\"paragraph\"><\/h1>\n<div class=\"react-renderer node-paragraph block block-paragraph first-block last-block\" data-pos=\"2080\">\n<div data-node-view-wrapper=\"\">\n<div dir=\"auto\" data-node-view-content=\"\">\n<div data-node-view-content-inner=\"paragraph\"><img loading=\"lazy\" decoding=\"async\" class=\"wp-image-568 aligncenter\" src=\"http:\/\/cabinethypnosetherapie.com\/wp-content\/uploads\/2015\/07\/Capture-d\u2019\u00e9cran-2025-06-10-\u00e0-20.52.41-300x59.png\" alt=\"Capture d\u2019\u00e9cran 2025-06-10 \u00e0 20.52.41\" width=\"636\" height=\"125\" srcset=\"https:\/\/cabinethypnosetherapie.com\/wp-content\/uploads\/2015\/07\/Capture-d\u2019\u00e9cran-2025-06-10-\u00e0-20.52.41-300x59.png 300w, https:\/\/cabinethypnosetherapie.com\/wp-content\/uploads\/2015\/07\/Capture-d\u2019\u00e9cran-2025-06-10-\u00e0-20.52.41-1024x201.png 1024w\" sizes=\"auto, (max-width: 636px) 100vw, 636px\" \/><\/div>\n<\/div>\n<h2 data-node-view-content-inner=\"paragraph\"><span style=\"color: #008080;\"><strong>COMMENT CA MARCHE<\/strong><\/span><\/h2>\n<div class=\"react-renderer node-heading block block-heading first-block\" data-pos=\"2479\">\n<div data-node-view-wrapper=\"\">\n<div class=\"heading themed-heading\" dir=\"auto\" data-placeholder=\"Titre\u00a04\" data-node-view-content=\"\">\n<div data-node-view-content-inner=\"heading\"><span style=\"color: #ff0000;\"><strong>Inscription<\/strong><\/span><\/div>\n<\/div>\n<\/div>\n<\/div>\n<div class=\"react-renderer node-paragraph block block-paragraph last-block\" data-pos=\"2492\">\n<div data-node-view-wrapper=\"\">\n<div dir=\"auto\" data-node-view-content=\"\">\n<div data-node-view-content-inner=\"paragraph\">\n<p><em><span style=\"color: #0000ff;\"><strong>Remplissez notre questionnaire<\/strong> <\/span><\/em>d\u00e9taill\u00e9 pour nous permettre de comprendre vos besoins.<\/p>\n<div class=\"react-renderer node-heading block block-heading first-block\" data-pos=\"2582\">\n<div data-node-view-wrapper=\"\">\n<div class=\"heading themed-heading\" dir=\"auto\" data-placeholder=\"Titre\u00a04\" data-node-view-content=\"\">\n<div data-node-view-content-inner=\"heading\"><span style=\"color: #ff0000;\"><strong>R\u00e9ception<\/strong><\/span><\/div>\n<\/div>\n<\/div>\n<\/div>\n<div class=\"react-renderer node-paragraph block block-paragraph last-block\" data-pos=\"2593\">\n<div data-node-view-wrapper=\"\">\n<div dir=\"auto\" data-node-view-content=\"\">\n<div data-node-view-content-inner=\"paragraph\">\n<p>Recevez votre <em><strong><span style=\"color: #0000ff;\">protocole personnalis\u00e9<\/span><\/strong><\/em> par email sous <em><span style=\"color: #0000ff;\"><strong>48 heures<\/strong><\/span><\/em>.<\/p>\n<div class=\"react-renderer node-heading block block-heading first-block\" data-pos=\"2659\">\n<div data-node-view-wrapper=\"\">\n<div class=\"heading themed-heading\" dir=\"auto\" data-placeholder=\"Titre\u00a04\" data-node-view-content=\"\">\n<div data-node-view-content-inner=\"heading\"><span style=\"color: #ff0000;\"><strong>Pratique<\/strong><\/span><\/div>\n<\/div>\n<\/div>\n<\/div>\n<div class=\"react-renderer node-paragraph block block-paragraph last-block\" data-pos=\"2669\">\n<div data-node-view-wrapper=\"\">\n<div dir=\"auto\" data-node-view-content=\"\">\n<div data-node-view-content-inner=\"paragraph\">\n<p><span style=\"color: #0000ff;\"><em><strong>\u00c9coutez vos s\u00e9ances<\/strong><\/em><\/span> selon le calendrier recommand\u00e9 pour une efficacit\u00e9 maximale.<\/p>\n<div class=\"react-renderer node-heading block block-heading first-block\" data-pos=\"2753\">\n<div data-node-view-wrapper=\"\">\n<div class=\"heading themed-heading\" dir=\"auto\" data-placeholder=\"Titre\u00a04\" data-node-view-content=\"\">\n<div data-node-view-content-inner=\"heading\"><span style=\"color: #ff0000;\"><strong>Transformation<\/strong><\/span><\/div>\n<\/div>\n<\/div>\n<\/div>\n<div class=\"react-renderer node-paragraph block block-paragraph last-block\" data-pos=\"2769\">\n<div data-node-view-wrapper=\"\">\n<div dir=\"auto\" data-node-view-content=\"\">\n<div data-node-view-content-inner=\"paragraph\">Constatez des <em><strong><span style=\"color: #0000ff;\">changements profonds et durables<\/span><\/strong><\/em> en seulement 21 jours.<\/div>\n<\/div>\n<\/div>\n<\/div>\n<\/div>\n<\/div>\n<div data-node-view-content-inner=\"paragraph\"><\/div>\n<div dir=\"auto\" data-node-view-content=\"\">\n<div data-node-view-content-inner=\"paragraph\">\n<div class=\"react-renderer node-paragraph block block-paragraph last-block\" data-pos=\"2769\">\n<div data-node-view-wrapper=\"\">\n<div dir=\"auto\" data-node-view-content=\"\">\n<h1 data-node-view-content-inner=\"paragraph\"><\/h1>\n<div data-node-view-content-inner=\"paragraph\"><img loading=\"lazy\" decoding=\"async\" class=\"wp-image-569 aligncenter\" src=\"http:\/\/cabinethypnosetherapie.com\/wp-content\/uploads\/2015\/07\/Capture-d\u2019\u00e9cran-2025-06-10-\u00e0-20.53.14-300x59.png\" alt=\"Capture d\u2019\u00e9cran 2025-06-10 \u00e0 20.53.14\" width=\"636\" height=\"125\" srcset=\"https:\/\/cabinethypnosetherapie.com\/wp-content\/uploads\/2015\/07\/Capture-d\u2019\u00e9cran-2025-06-10-\u00e0-20.53.14-300x59.png 300w, https:\/\/cabinethypnosetherapie.com\/wp-content\/uploads\/2015\/07\/Capture-d\u2019\u00e9cran-2025-06-10-\u00e0-20.53.14-1024x202.png 1024w\" sizes=\"auto, (max-width: 636px) 100vw, 636px\" \/><\/div>\n<\/div>\n<\/div>\n<\/div>\n<h2 data-node-view-content-inner=\"paragraph\"><span style=\"color: #008080;\">PASSEZ \u00e0 L&rsquo;ACTION D\u00e8S MAINTENANT<\/span><\/h2>\n<p><strong>inscrivez-vous<\/strong> ci-dessous et recevez <strong>notre formulaire \u00e0 compl\u00e9ter<\/strong> \u00e0 votre adresse mail. Remplissez le et payer votre protocole <span style=\"color: #ff00ff;\"><strong>79 euros<\/strong><\/span> au lieu de <strong><del><span style=\"color: #ff0000;\">280 euros<\/span><\/del><\/strong> les <em><strong>4 s\u00e9ances.<\/strong><\/em><\/p>\n<p>&nbsp;<\/p>\n<p><em><strong><div role=\"form\" class=\"wpcf7\" id=\"wpcf7-f79-o1\" lang=\"fr-FR\" dir=\"ltr\">\n<div class=\"screen-reader-response\"><\/div>\n<form action=\"\/index.php?rest_route=%2Fwp%2Fv2%2Fpages%2F6#wpcf7-f79-o1\" method=\"post\" class=\"wpcf7-form\" novalidate=\"novalidate\">\n<div style=\"display: none;\">\n<input type=\"hidden\" name=\"_wpcf7\" value=\"79\" \/>\n<input type=\"hidden\" name=\"_wpcf7_version\" value=\"4.3.1\" \/>\n<input type=\"hidden\" name=\"_wpcf7_locale\" value=\"fr_FR\" \/>\n<input type=\"hidden\" name=\"_wpcf7_unit_tag\" value=\"wpcf7-f79-o1\" \/>\n<input type=\"hidden\" name=\"_wpnonce\" value=\"e6fa9e2b8e\" \/>\n<\/div>\n<p>Votre pr\u00e9nom (obligatoire)<br \/>\n    <span class=\"wpcf7-form-control-wrap your-name\"><input type=\"text\" name=\"your-name\" value=\"\" size=\"40\" class=\"wpcf7-form-control wpcf7-text wpcf7-validates-as-required\" aria-required=\"true\" aria-invalid=\"false\" \/><\/span> <\/p>\n<p>Votre nom (obligatoire)<br \/>\n    <span class=\"wpcf7-form-control-wrap your-name\"><input type=\"text\" name=\"your-name\" value=\"\" size=\"40\" class=\"wpcf7-form-control wpcf7-text wpcf7-validates-as-required\" aria-required=\"true\" aria-invalid=\"false\" \/><\/span> <\/p>\n<p>Votre email (obligatoire)<br \/>\n    <span class=\"wpcf7-form-control-wrap your-email\"><input type=\"email\" name=\"your-email\" value=\"\" size=\"40\" class=\"wpcf7-form-control wpcf7-text wpcf7-email wpcf7-validates-as-required wpcf7-validates-as-email\" aria-required=\"true\" aria-invalid=\"false\" \/><\/span> <\/p>\n<p>T\u00e9l\u00e9phone<br \/>\n    <span class=\"wpcf7-form-control-wrap your-subject\"><input type=\"text\" name=\"your-subject\" value=\"\" size=\"40\" class=\"wpcf7-form-control wpcf7-text\" aria-invalid=\"false\" \/><\/span> <\/p>\n<p>Probl\u00e9matique que vous souhaitez traiter (1 seul choix)<br \/>\n    <span class=\"wpcf7-form-control-wrap problmatiquetraiter\"><span class=\"wpcf7-form-control wpcf7-checkbox wpcf7-validates-as-required wpcf7-exclusive-checkbox\"><span class=\"wpcf7-list-item first\"><input type=\"checkbox\" name=\"problmatiquetraiter\" value=\"Confiance en soi\" \/>&nbsp;<span class=\"wpcf7-list-item-label\">Confiance en soi<\/span><\/span><span class=\"wpcf7-list-item\"><input type=\"checkbox\" name=\"problmatiquetraiter\" value=\"Stress et anxi\u00e9t\u00e9\" \/>&nbsp;<span class=\"wpcf7-list-item-label\">Stress et anxi\u00e9t\u00e9<\/span><\/span><span class=\"wpcf7-list-item\"><input type=\"checkbox\" name=\"problmatiquetraiter\" value=\"Addiction\" \/>&nbsp;<span class=\"wpcf7-list-item-label\">Addiction<\/span><\/span><span class=\"wpcf7-list-item\"><input type=\"checkbox\" name=\"problmatiquetraiter\" value=\"Peur et phobie\" \/>&nbsp;<span class=\"wpcf7-list-item-label\">Peur et phobie<\/span><\/span><span class=\"wpcf7-list-item\"><input type=\"checkbox\" name=\"problmatiquetraiter\" value=\"Gestion du poids\" \/>&nbsp;<span class=\"wpcf7-list-item-label\">Gestion du poids<\/span><\/span><span class=\"wpcf7-list-item last\"><input type=\"checkbox\" name=\"problmatiquetraiter\" value=\"Autre\" \/>&nbsp;<span class=\"wpcf7-list-item-label\">Autre<\/span><\/span><\/span><\/span><\/p>\n<div class=\"wpcf7-form-control-wrap\"><div data-sitekey=\"6Ld5SN8UAAAAABWVT6VvQ-K_YzTo0lvYKl0QHSPt\" class=\"wpcf7-form-control g-recaptcha wpcf7-recaptcha\"><\/div>\n<noscript>\n\t<div style=\"width: 302px; height: 422px;\">\n\t\t<div style=\"width: 302px; height: 422px; position: relative;\">\n\t\t\t<div style=\"width: 302px; height: 422px; position: absolute;\">\n\t\t\t\t<iframe src=\"https:\/\/www.google.com\/recaptcha\/api\/fallback?k=6Ld5SN8UAAAAABWVT6VvQ-K_YzTo0lvYKl0QHSPt\" frameborder=\"0\" scrolling=\"no\" style=\"width: 302px; height:422px; border-style: none;\">\n\t\t\t\t<\/iframe>\n\t\t\t<\/div>\n\t\t\t<div style=\"width: 300px; height: 60px; border-style: none; bottom: 12px; left: 25px; margin: 0px; padding: 0px; right: 25px; background: #f9f9f9; border: 1px solid #c1c1c1; border-radius: 3px;\">\n\t\t\t\t<textarea id=\"g-recaptcha-response\" name=\"g-recaptcha-response\" class=\"g-recaptcha-response\" style=\"width: 250px; height: 40px; border: 1px solid #c1c1c1; margin: 10px 25px; padding: 0px; resize: none;\">\n\t\t\t\t<\/textarea>\n\t\t\t<\/div>\n\t\t<\/div>\n\t<\/div>\n<\/noscript>\n<\/div>\n<p><input type=\"submit\" value=\"Envoyer\" class=\"wpcf7-form-control wpcf7-submit\" \/><\/p>\n<div class=\"wpcf7-response-output wpcf7-display-none\"><\/div><\/form><\/div><\/strong><\/em><\/p>\n<p>&nbsp;<\/p>\n<\/div>\n<\/div>\n<\/div>\n<\/div>\n<\/div>\n<\/div>\n<\/div>\n<\/div>\n<\/div>\n<\/div>\n<\/div>\n<\/div>\n<\/div>\n<\/div>\n<\/div>\n<\/div>\n<\/div>\n<\/div>\n<\/div>\n<\/div>\n<\/div>\n<\/div>\n<\/div>\n","protected":false},"excerpt":{"rendered":"<p>Face au stress, au manque de confiance et aux addictions qui nous affectent, nous avons cr\u00e9\u00e9 une solution r\u00e9volutionnaire. Un protocole d&rsquo;hypnose et de PNL (Programmation Neuro Linguistique) personnalis\u00e9, accessible depuis chez vous, pour transformer vos d\u00e9fis en opportunit\u00e9s. Cette m\u00e9thode int\u00e9gr\u00e9e vous permet de surmonter vos blocages, g\u00e9rer vos \u00e9motions et lib\u00e9rer votre plein &hellip; <a href=\"https:\/\/cabinethypnosetherapie.com\/\" class=\"more-link\">Continuer la lecture de <span class=\"screen-reader-text\">Transformez votre vie gr\u00e2ce \u00e0 l&rsquo;hypnose et la PNL depuis chez vous &#8230;<\/span><\/a><\/p>\n","protected":false},"author":1,"featured_media":0,"parent":0,"menu_order":0,"comment_status":"closed","ping_status":"open","template":"","meta":{"footnotes":""},"class_list":["post-6","page","type-page","status-publish","hentry"],"_links":{"self":[{"href":"https:\/\/cabinethypnosetherapie.com\/index.php?rest_route=\/wp\/v2\/pages\/6","targetHints":{"allow":["GET"]}}],"collection":[{"href":"https:\/\/cabinethypnosetherapie.com\/index.php?rest_route=\/wp\/v2\/pages"}],"about":[{"href":"https:\/\/cabinethypnosetherapie.com\/index.php?rest_route=\/wp\/v2\/types\/page"}],"author":[{"embeddable":true,"href":"https:\/\/cabinethypnosetherapie.com\/index.php?rest_route=\/wp\/v2\/users\/1"}],"replies":[{"embeddable":true,"href":"https:\/\/cabinethypnosetherapie.com\/index.php?rest_route=%2Fwp%2Fv2%2Fcomments&post=6"}],"version-history":[{"count":76,"href":"https:\/\/cabinethypnosetherapie.com\/index.php?rest_route=\/wp\/v2\/pages\/6\/revisions"}],"predecessor-version":[{"id":590,"href":"https:\/\/cabinethypnosetherapie.com\/index.php?rest_route=\/wp\/v2\/pages\/6\/revisions\/590"}],"wp:attachment":[{"href":"https:\/\/cabinethypnosetherapie.com\/index.php?rest_route=%2Fwp%2Fv2%2Fmedia&parent=6"}],"curies":[{"name":"wp","href":"https:\/\/api.w.org\/{rel}","templated":true}]}}