{"id":260,"date":"2015-08-13T09:13:13","date_gmt":"2015-08-13T09:13:13","guid":{"rendered":"http:\/\/cabinethypnosetherapie.com\/?page_id=260"},"modified":"2025-06-12T16:14:56","modified_gmt":"2025-06-12T16:14:56","slug":"phobies","status":"publish","type":"page","link":"https:\/\/cabinethypnosetherapie.com\/?page_id=260","title":{"rendered":"PEUR &#038; PHOBIE"},"content":{"rendered":"<p style=\"text-align: justify;\">\n<p style=\"text-align: justify;\">\n<p style=\"text-align: justify;\">\u00a0 \u00a0 \u00a0Les phobies sont des <em><strong>peurs, craintes ou angoisses excessives et\/ou irraisonn\u00e9es<\/strong><\/em> suscit\u00e9es par la pr\u00e9sence ou l\u2019anticipation d\u2019une situation sp\u00e9cifique.<\/p>\n<p style=\"text-align: justify;\">La peur du regard des autres, la peur des lieux publics,la phobie de l\u2019avion, la phobie scolaire, la\u00a0phobie sociale, la peur de certains animaux et insectes, l\u2019acrophobie (peur des hauteurs), l\u2019agoraphobie (peur de la foule), l\u2019aquaphobie (peur de l\u2019eau), l\u2019h\u00e9matophobie (peur du sang) sont autant d\u2019exemples qui mettent en \u00e9vidence nos angoisses excessives \u00a0et irraisonn\u00e9es.<\/p>\n<p style=\"text-align: justify;\">Les phobies sont caract\u00e9ris\u00e9es par :<\/p>\n<p style=\"text-align: justify;\">\u00a0 \u00a0 \u00a01\u00b0) une <em><strong>peur instinctive et irraisonn\u00e9e.<\/strong><\/em><\/p>\n<p style=\"text-align: justify;\">\u00a0 \u00a0 \u00a02\u00b0) un <em><strong>\u00e9vitement syst\u00e9matique<\/strong><\/em> de la situation o\u00f9 de l\u2019objet de la phobie.<\/p>\n<p style=\"text-align: justify;\">\u00a0 \u00a0 \u00a03\u00b0) le fait qu\u2019au fond il n\u2019y a de r\u00e9els dangers consciemment.<\/p>\n<p style=\"text-align: justify;\">\u00a0 \u00a0 \u00a0L\u2019hypnose est extr\u00eamement efficace pour surmonter les phobies parce que l\u2019\u00e9tat hypnotique g\u00e9n\u00e8re un \u00e9tat de relaxation profonde, intense, l\u2019oppos\u00e9 de l\u2019anxi\u00e9t\u00e9. Les diff\u00e9rents outils utilis\u00e9s en s\u00e9ance (PNL, r\u00e9gression en \u00e2ge, d\u00e9sensibilisation sous hypnose&#8230;) permettent \u00e0 votre esprit de trouver des <em><strong>r\u00e9actions plus adapt\u00e9es face \u00e0 l\u2019objet de la peur ou de la situation probl\u00e9matique.<\/strong><\/em><\/p>\n<h2 data-node-view-content-inner=\"paragraph\"><span style=\"color: #008080;\">PASSEZ \u00e0 L&rsquo;ACTION D\u00e8S MAINTENANT<\/span><\/h2>\n<p><strong>inscrivez-vous<\/strong> ci-dessous et recevez <strong>notre formulaire \u00e0 compl\u00e9ter<\/strong> \u00e0 votre adresse mail. Remplissez le et payer votre protocole <span style=\"color: #ff00ff;\"><strong>79 euros<\/strong><\/span> au lieu de <strong><del><span style=\"color: #ff0000;\">280 euros<\/span><\/del><\/strong> les <em><strong>4 s\u00e9ances.<\/strong><\/em><\/p>\n<p><em><strong><div role=\"form\" class=\"wpcf7\" id=\"wpcf7-f79-o1\" lang=\"fr-FR\" dir=\"ltr\">\n<div class=\"screen-reader-response\"><\/div>\n<form action=\"\/index.php?rest_route=%2Fwp%2Fv2%2Fpages%2F260#wpcf7-f79-o1\" method=\"post\" class=\"wpcf7-form\" novalidate=\"novalidate\">\n<div style=\"display: none;\">\n<input type=\"hidden\" name=\"_wpcf7\" value=\"79\" \/>\n<input type=\"hidden\" name=\"_wpcf7_version\" value=\"4.3.1\" \/>\n<input type=\"hidden\" name=\"_wpcf7_locale\" value=\"fr_FR\" \/>\n<input type=\"hidden\" name=\"_wpcf7_unit_tag\" value=\"wpcf7-f79-o1\" \/>\n<input type=\"hidden\" name=\"_wpnonce\" value=\"e6fa9e2b8e\" \/>\n<\/div>\n<p>Votre pr\u00e9nom (obligatoire)<br \/>\n    <span class=\"wpcf7-form-control-wrap your-name\"><input type=\"text\" name=\"your-name\" value=\"\" size=\"40\" class=\"wpcf7-form-control wpcf7-text wpcf7-validates-as-required\" aria-required=\"true\" aria-invalid=\"false\" \/><\/span> <\/p>\n<p>Votre nom (obligatoire)<br \/>\n    <span class=\"wpcf7-form-control-wrap your-name\"><input type=\"text\" name=\"your-name\" value=\"\" size=\"40\" class=\"wpcf7-form-control wpcf7-text wpcf7-validates-as-required\" aria-required=\"true\" aria-invalid=\"false\" \/><\/span> <\/p>\n<p>Votre email (obligatoire)<br \/>\n    <span class=\"wpcf7-form-control-wrap your-email\"><input type=\"email\" name=\"your-email\" value=\"\" size=\"40\" class=\"wpcf7-form-control wpcf7-text wpcf7-email wpcf7-validates-as-required wpcf7-validates-as-email\" aria-required=\"true\" aria-invalid=\"false\" \/><\/span> <\/p>\n<p>T\u00e9l\u00e9phone<br \/>\n    <span class=\"wpcf7-form-control-wrap your-subject\"><input type=\"text\" name=\"your-subject\" value=\"\" size=\"40\" class=\"wpcf7-form-control wpcf7-text\" aria-invalid=\"false\" \/><\/span> <\/p>\n<p>Probl\u00e9matique que vous souhaitez traiter (1 seul choix)<br \/>\n    <span class=\"wpcf7-form-control-wrap problmatiquetraiter\"><span class=\"wpcf7-form-control wpcf7-checkbox wpcf7-validates-as-required wpcf7-exclusive-checkbox\"><span class=\"wpcf7-list-item first\"><input type=\"checkbox\" name=\"problmatiquetraiter\" value=\"Confiance en soi\" \/>&nbsp;<span class=\"wpcf7-list-item-label\">Confiance en soi<\/span><\/span><span class=\"wpcf7-list-item\"><input type=\"checkbox\" name=\"problmatiquetraiter\" value=\"Stress et anxi\u00e9t\u00e9\" \/>&nbsp;<span class=\"wpcf7-list-item-label\">Stress et anxi\u00e9t\u00e9<\/span><\/span><span class=\"wpcf7-list-item\"><input type=\"checkbox\" name=\"problmatiquetraiter\" value=\"Addiction\" \/>&nbsp;<span class=\"wpcf7-list-item-label\">Addiction<\/span><\/span><span class=\"wpcf7-list-item\"><input type=\"checkbox\" name=\"problmatiquetraiter\" value=\"Peur et phobie\" \/>&nbsp;<span class=\"wpcf7-list-item-label\">Peur et phobie<\/span><\/span><span class=\"wpcf7-list-item\"><input type=\"checkbox\" name=\"problmatiquetraiter\" value=\"Gestion du poids\" \/>&nbsp;<span class=\"wpcf7-list-item-label\">Gestion du poids<\/span><\/span><span class=\"wpcf7-list-item last\"><input type=\"checkbox\" name=\"problmatiquetraiter\" value=\"Autre\" \/>&nbsp;<span class=\"wpcf7-list-item-label\">Autre<\/span><\/span><\/span><\/span><\/p>\n<div class=\"wpcf7-form-control-wrap\"><div data-sitekey=\"6Ld5SN8UAAAAABWVT6VvQ-K_YzTo0lvYKl0QHSPt\" class=\"wpcf7-form-control g-recaptcha wpcf7-recaptcha\"><\/div>\n<noscript>\n\t<div style=\"width: 302px; height: 422px;\">\n\t\t<div style=\"width: 302px; height: 422px; position: relative;\">\n\t\t\t<div style=\"width: 302px; height: 422px; position: absolute;\">\n\t\t\t\t<iframe src=\"https:\/\/www.google.com\/recaptcha\/api\/fallback?k=6Ld5SN8UAAAAABWVT6VvQ-K_YzTo0lvYKl0QHSPt\" frameborder=\"0\" scrolling=\"no\" style=\"width: 302px; height:422px; border-style: none;\">\n\t\t\t\t<\/iframe>\n\t\t\t<\/div>\n\t\t\t<div style=\"width: 300px; height: 60px; border-style: none; bottom: 12px; left: 25px; margin: 0px; padding: 0px; right: 25px; background: #f9f9f9; border: 1px solid #c1c1c1; border-radius: 3px;\">\n\t\t\t\t<textarea id=\"g-recaptcha-response\" name=\"g-recaptcha-response\" class=\"g-recaptcha-response\" style=\"width: 250px; height: 40px; border: 1px solid #c1c1c1; margin: 10px 25px; padding: 0px; resize: none;\">\n\t\t\t\t<\/textarea>\n\t\t\t<\/div>\n\t\t<\/div>\n\t<\/div>\n<\/noscript>\n<\/div>\n<p><input type=\"submit\" value=\"Envoyer\" class=\"wpcf7-form-control wpcf7-submit\" \/><\/p>\n<div class=\"wpcf7-response-output wpcf7-display-none\"><\/div><\/form><\/div><\/strong><\/em><\/p>\n","protected":false},"excerpt":{"rendered":"<p>\u00a0 \u00a0 \u00a0Les phobies sont des peurs, craintes ou angoisses excessives et\/ou irraisonn\u00e9es suscit\u00e9es par la pr\u00e9sence ou l\u2019anticipation d\u2019une situation sp\u00e9cifique. La peur du regard des autres, la peur des lieux publics,la phobie de l\u2019avion, la phobie scolaire, la\u00a0phobie sociale, la peur de certains animaux et insectes, l\u2019acrophobie (peur des hauteurs), l\u2019agoraphobie (peur de &hellip; <a href=\"https:\/\/cabinethypnosetherapie.com\/?page_id=260\" class=\"more-link\">Continuer la lecture de <span class=\"screen-reader-text\">PEUR &#038; PHOBIE<\/span><\/a><\/p>\n","protected":false},"author":1,"featured_media":0,"parent":0,"menu_order":0,"comment_status":"closed","ping_status":"open","template":"","meta":{"footnotes":""},"class_list":["post-260","page","type-page","status-publish","hentry"],"_links":{"self":[{"href":"https:\/\/cabinethypnosetherapie.com\/index.php?rest_route=\/wp\/v2\/pages\/260","targetHints":{"allow":["GET"]}}],"collection":[{"href":"https:\/\/cabinethypnosetherapie.com\/index.php?rest_route=\/wp\/v2\/pages"}],"about":[{"href":"https:\/\/cabinethypnosetherapie.com\/index.php?rest_route=\/wp\/v2\/types\/page"}],"author":[{"embeddable":true,"href":"https:\/\/cabinethypnosetherapie.com\/index.php?rest_route=\/wp\/v2\/users\/1"}],"replies":[{"embeddable":true,"href":"https:\/\/cabinethypnosetherapie.com\/index.php?rest_route=%2Fwp%2Fv2%2Fcomments&post=260"}],"version-history":[{"count":15,"href":"https:\/\/cabinethypnosetherapie.com\/index.php?rest_route=\/wp\/v2\/pages\/260\/revisions"}],"predecessor-version":[{"id":597,"href":"https:\/\/cabinethypnosetherapie.com\/index.php?rest_route=\/wp\/v2\/pages\/260\/revisions\/597"}],"wp:attachment":[{"href":"https:\/\/cabinethypnosetherapie.com\/index.php?rest_route=%2Fwp%2Fv2%2Fmedia&parent=260"}],"curies":[{"name":"wp","href":"https:\/\/api.w.org\/{rel}","templated":true}]}}